{"id":853,"date":"2020-03-06T09:39:02","date_gmt":"2020-03-06T12:39:02","guid":{"rendered":"https:\/\/elitemobiliario.com\/portfolio\/serip\/"},"modified":"2024-01-31T15:21:32","modified_gmt":"2024-01-31T15:21:32","slug":"serip","status":"publish","type":"portfolio","link":"https:\/\/elitemobiliario.com\/fr\/portfolio\/serip\/","title":{"rendered":"Serip"},"content":{"rendered":"<div id='gallery-1' class='gallery galleryid-853 gallery-columns-4 gallery-size-full'><figure class='gallery-item'>\n\t\t\t<div class='gallery-icon landscape'>\n\t\t\t\t<a href='https:\/\/elitemobiliario.com\/wp-content\/uploads\/2020\/03\/3-3.jpg'><img fetchpriority=\"high\" decoding=\"async\" width=\"1920\" height=\"1080\" src=\"https:\/\/elitemobiliario.com\/wp-content\/uploads\/2020\/03\/3-3.jpg\" class=\"attachment-full size-full\" alt=\"Eliteline mobiliario moderno decora\u00e7\u00e3o interiores modern furniture interior decoration d\u00e9coration int\u00e9rieure de meubles modernes\" srcset=\"https:\/\/elitemobiliario.com\/wp-content\/uploads\/2020\/03\/3-3.jpg 1920w, https:\/\/elitemobiliario.com\/wp-content\/uploads\/2020\/03\/3-3-300x169.jpg 300w, https:\/\/elitemobiliario.com\/wp-content\/uploads\/2020\/03\/3-3-1024x576.jpg 1024w, https:\/\/elitemobiliario.com\/wp-content\/uploads\/2020\/03\/3-3-768x432.jpg 768w, https:\/\/elitemobiliario.com\/wp-content\/uploads\/2020\/03\/3-3-1536x864.jpg 1536w, https:\/\/elitemobiliario.com\/wp-content\/uploads\/2020\/03\/3-3-380x214.jpg 380w, https:\/\/elitemobiliario.com\/wp-content\/uploads\/2020\/03\/3-3-20x11.jpg 20w, https:\/\/elitemobiliario.com\/wp-content\/uploads\/2020\/03\/3-3-190x107.jpg 190w, https:\/\/elitemobiliario.com\/wp-content\/uploads\/2020\/03\/3-3-760x428.jpg 760w, https:\/\/elitemobiliario.com\/wp-content\/uploads\/2020\/03\/3-3-1140x641.jpg 1140w\" sizes=\"(max-width: 1920px) 100vw, 1920px\" \/><\/a>\n\t\t\t<\/div><\/figure><figure class='gallery-item'>\n\t\t\t<div class='gallery-icon landscape'>\n\t\t\t\t<a href='https:\/\/elitemobiliario.com\/wp-content\/uploads\/2020\/03\/2-8.jpg'><img decoding=\"async\" width=\"1920\" height=\"1080\" src=\"https:\/\/elitemobiliario.com\/wp-content\/uploads\/2020\/03\/2-8.jpg\" class=\"attachment-full size-full\" alt=\"Eliteline mobiliario moderno decora\u00e7\u00e3o interiores modern furniture interior decoration d\u00e9coration int\u00e9rieure de meubles modernes\" srcset=\"https:\/\/elitemobiliario.com\/wp-content\/uploads\/2020\/03\/2-8.jpg 1920w, https:\/\/elitemobiliario.com\/wp-content\/uploads\/2020\/03\/2-8-300x169.jpg 300w, https:\/\/elitemobiliario.com\/wp-content\/uploads\/2020\/03\/2-8-1024x576.jpg 1024w, https:\/\/elitemobiliario.com\/wp-content\/uploads\/2020\/03\/2-8-768x432.jpg 768w, https:\/\/elitemobiliario.com\/wp-content\/uploads\/2020\/03\/2-8-1536x864.jpg 1536w, https:\/\/elitemobiliario.com\/wp-content\/uploads\/2020\/03\/2-8-380x214.jpg 380w, https:\/\/elitemobiliario.com\/wp-content\/uploads\/2020\/03\/2-8-20x11.jpg 20w, https:\/\/elitemobiliario.com\/wp-content\/uploads\/2020\/03\/2-8-190x107.jpg 190w, https:\/\/elitemobiliario.com\/wp-content\/uploads\/2020\/03\/2-8-760x428.jpg 760w, https:\/\/elitemobiliario.com\/wp-content\/uploads\/2020\/03\/2-8-1140x641.jpg 1140w\" sizes=\"(max-width: 1920px) 100vw, 1920px\" \/><\/a>\n\t\t\t<\/div><\/figure><figure class='gallery-item'>\n\t\t\t<div class='gallery-icon landscape'>\n\t\t\t\t<a href='https:\/\/elitemobiliario.com\/wp-content\/uploads\/2020\/03\/1-8.jpg'><img decoding=\"async\" width=\"1920\" height=\"1080\" src=\"https:\/\/elitemobiliario.com\/wp-content\/uploads\/2020\/03\/1-8.jpg\" class=\"attachment-full size-full\" alt=\"Eliteline mobiliario moderno decora\u00e7\u00e3o interiores modern furniture interior decoration d\u00e9coration int\u00e9rieure de meubles modernes\" srcset=\"https:\/\/elitemobiliario.com\/wp-content\/uploads\/2020\/03\/1-8.jpg 1920w, https:\/\/elitemobiliario.com\/wp-content\/uploads\/2020\/03\/1-8-300x169.jpg 300w, https:\/\/elitemobiliario.com\/wp-content\/uploads\/2020\/03\/1-8-1024x576.jpg 1024w, https:\/\/elitemobiliario.com\/wp-content\/uploads\/2020\/03\/1-8-768x432.jpg 768w, https:\/\/elitemobiliario.com\/wp-content\/uploads\/2020\/03\/1-8-1536x864.jpg 1536w, https:\/\/elitemobiliario.com\/wp-content\/uploads\/2020\/03\/1-8-380x214.jpg 380w, https:\/\/elitemobiliario.com\/wp-content\/uploads\/2020\/03\/1-8-20x11.jpg 20w, https:\/\/elitemobiliario.com\/wp-content\/uploads\/2020\/03\/1-8-190x107.jpg 190w, https:\/\/elitemobiliario.com\/wp-content\/uploads\/2020\/03\/1-8-760x428.jpg 760w, https:\/\/elitemobiliario.com\/wp-content\/uploads\/2020\/03\/1-8-1140x641.jpg 1140w\" sizes=\"(max-width: 1920px) 100vw, 1920px\" \/><\/a>\n\t\t\t<\/div><\/figure>\n\t\t<\/div>\n\n","protected":false},"excerpt":{"rendered":"","protected":false},"featured_media":752,"comment_status":"closed","ping_status":"closed","template":"","tags":[84,233],"yoast_head":"<!-- This site is optimized with the Yoast SEO plugin v22.5 - https:\/\/yoast.com\/wordpress\/plugins\/seo\/ -->\n<title>Serip - ELITELINE<\/title>\n<meta name=\"robots\" content=\"index, follow, max-snippet:-1, max-image-preview:large, max-video-preview:-1\" \/>\n<link rel=\"canonical\" href=\"https:\/\/elitemobiliario.com\/fr\/portfolio\/serip\/\" \/>\n<meta property=\"og:locale\" content=\"fr_FR\" \/>\n<meta property=\"og:type\" content=\"article\" \/>\n<meta property=\"og:title\" content=\"Serip - ELITELINE\" \/>\n<meta property=\"og:url\" content=\"https:\/\/elitemobiliario.com\/fr\/portfolio\/serip\/\" \/>\n<meta property=\"og:site_name\" content=\"ELITELINE\" \/>\n<meta property=\"article:modified_time\" content=\"2024-01-31T15:21:32+00:00\" \/>\n<meta property=\"og:image\" content=\"https:\/\/elitemobiliario.com\/wp-content\/uploads\/2020\/03\/1-8.jpg\" \/>\n\t<meta property=\"og:image:width\" content=\"1920\" \/>\n\t<meta property=\"og:image:height\" content=\"1080\" \/>\n\t<meta property=\"og:image:type\" content=\"image\/jpeg\" \/>\n<meta name=\"twitter:card\" content=\"summary_large_image\" \/>\n<meta name=\"twitter:label1\" content=\"Dur\u00e9e de lecture estim\u00e9e\" \/>\n\t<meta name=\"twitter:data1\" content=\"1 minute\" \/>\n<script type=\"application\/ld+json\" class=\"yoast-schema-graph\">{\"@context\":\"https:\/\/schema.org\",\"@graph\":[{\"@type\":\"WebPage\",\"@id\":\"https:\/\/elitemobiliario.com\/fr\/portfolio\/serip\/\",\"url\":\"https:\/\/elitemobiliario.com\/fr\/portfolio\/serip\/\",\"name\":\"Serip - ELITELINE\",\"isPartOf\":{\"@id\":\"https:\/\/elitemobiliario.com\/fr\/#website\"},\"primaryImageOfPage\":{\"@id\":\"https:\/\/elitemobiliario.com\/fr\/portfolio\/serip\/#primaryimage\"},\"image\":{\"@id\":\"https:\/\/elitemobiliario.com\/fr\/portfolio\/serip\/#primaryimage\"},\"thumbnailUrl\":\"https:\/\/elitemobiliario.com\/wp-content\/uploads\/2020\/03\/1-8.jpg\",\"datePublished\":\"2020-03-06T12:39:02+00:00\",\"dateModified\":\"2024-01-31T15:21:32+00:00\",\"inLanguage\":\"fr-FR\",\"potentialAction\":[{\"@type\":\"ReadAction\",\"target\":[\"https:\/\/elitemobiliario.com\/fr\/portfolio\/serip\/\"]}]},{\"@type\":\"ImageObject\",\"inLanguage\":\"fr-FR\",\"@id\":\"https:\/\/elitemobiliario.com\/fr\/portfolio\/serip\/#primaryimage\",\"url\":\"https:\/\/elitemobiliario.com\/wp-content\/uploads\/2020\/03\/1-8.jpg\",\"contentUrl\":\"https:\/\/elitemobiliario.com\/wp-content\/uploads\/2020\/03\/1-8.jpg\",\"width\":1920,\"height\":1080,\"caption\":\"Eliteline mobiliario moderno decora\u00e7\u00e3o interiores modern furniture interior decoration d\u00e9coration int\u00e9rieure de meubles modernes\"},{\"@type\":\"WebSite\",\"@id\":\"https:\/\/elitemobiliario.com\/fr\/#website\",\"url\":\"https:\/\/elitemobiliario.com\/fr\/\",\"name\":\"ELITELINE\",\"description\":\"Un nom \u00e0 ne pas oubli\u00e9\",\"potentialAction\":[{\"@type\":\"SearchAction\",\"target\":{\"@type\":\"EntryPoint\",\"urlTemplate\":\"https:\/\/elitemobiliario.com\/fr\/?s={search_term_string}\"},\"query-input\":\"required name=search_term_string\"}],\"inLanguage\":\"fr-FR\"}]}<\/script>\n<!-- \/ Yoast SEO plugin. -->","yoast_head_json":{"title":"Serip - ELITELINE","robots":{"index":"index","follow":"follow","max-snippet":"max-snippet:-1","max-image-preview":"max-image-preview:large","max-video-preview":"max-video-preview:-1"},"canonical":"https:\/\/elitemobiliario.com\/fr\/portfolio\/serip\/","og_locale":"fr_FR","og_type":"article","og_title":"Serip - ELITELINE","og_url":"https:\/\/elitemobiliario.com\/fr\/portfolio\/serip\/","og_site_name":"ELITELINE","article_modified_time":"2024-01-31T15:21:32+00:00","og_image":[{"width":1920,"height":1080,"url":"https:\/\/elitemobiliario.com\/wp-content\/uploads\/2020\/03\/1-8.jpg","type":"image\/jpeg"}],"twitter_card":"summary_large_image","twitter_misc":{"Dur\u00e9e de lecture estim\u00e9e":"1 minute"},"schema":{"@context":"https:\/\/schema.org","@graph":[{"@type":"WebPage","@id":"https:\/\/elitemobiliario.com\/fr\/portfolio\/serip\/","url":"https:\/\/elitemobiliario.com\/fr\/portfolio\/serip\/","name":"Serip - ELITELINE","isPartOf":{"@id":"https:\/\/elitemobiliario.com\/fr\/#website"},"primaryImageOfPage":{"@id":"https:\/\/elitemobiliario.com\/fr\/portfolio\/serip\/#primaryimage"},"image":{"@id":"https:\/\/elitemobiliario.com\/fr\/portfolio\/serip\/#primaryimage"},"thumbnailUrl":"https:\/\/elitemobiliario.com\/wp-content\/uploads\/2020\/03\/1-8.jpg","datePublished":"2020-03-06T12:39:02+00:00","dateModified":"2024-01-31T15:21:32+00:00","inLanguage":"fr-FR","potentialAction":[{"@type":"ReadAction","target":["https:\/\/elitemobiliario.com\/fr\/portfolio\/serip\/"]}]},{"@type":"ImageObject","inLanguage":"fr-FR","@id":"https:\/\/elitemobiliario.com\/fr\/portfolio\/serip\/#primaryimage","url":"https:\/\/elitemobiliario.com\/wp-content\/uploads\/2020\/03\/1-8.jpg","contentUrl":"https:\/\/elitemobiliario.com\/wp-content\/uploads\/2020\/03\/1-8.jpg","width":1920,"height":1080,"caption":"Eliteline mobiliario moderno decora\u00e7\u00e3o interiores modern furniture interior decoration d\u00e9coration int\u00e9rieure de meubles modernes"},{"@type":"WebSite","@id":"https:\/\/elitemobiliario.com\/fr\/#website","url":"https:\/\/elitemobiliario.com\/fr\/","name":"ELITELINE","description":"Un nom \u00e0 ne pas oubli\u00e9","potentialAction":[{"@type":"SearchAction","target":{"@type":"EntryPoint","urlTemplate":"https:\/\/elitemobiliario.com\/fr\/?s={search_term_string}"},"query-input":"required name=search_term_string"}],"inLanguage":"fr-FR"}]}},"_links":{"self":[{"href":"https:\/\/elitemobiliario.com\/fr\/wp-json\/wp\/v2\/portfolio\/853"}],"collection":[{"href":"https:\/\/elitemobiliario.com\/fr\/wp-json\/wp\/v2\/portfolio"}],"about":[{"href":"https:\/\/elitemobiliario.com\/fr\/wp-json\/wp\/v2\/types\/portfolio"}],"replies":[{"embeddable":true,"href":"https:\/\/elitemobiliario.com\/fr\/wp-json\/wp\/v2\/comments?post=853"}],"version-history":[{"count":2,"href":"https:\/\/elitemobiliario.com\/fr\/wp-json\/wp\/v2\/portfolio\/853\/revisions"}],"predecessor-version":[{"id":4225,"href":"https:\/\/elitemobiliario.com\/fr\/wp-json\/wp\/v2\/portfolio\/853\/revisions\/4225"}],"wp:featuredmedia":[{"embeddable":true,"href":"https:\/\/elitemobiliario.com\/fr\/wp-json\/wp\/v2\/media\/752"}],"wp:attachment":[{"href":"https:\/\/elitemobiliario.com\/fr\/wp-json\/wp\/v2\/media?parent=853"}],"wp:term":[{"taxonomy":"post_tag","embeddable":true,"href":"https:\/\/elitemobiliario.com\/fr\/wp-json\/wp\/v2\/tags?post=853"}],"curies":[{"name":"wp","href":"https:\/\/api.w.org\/{rel}","templated":true}]}}

<div id='gallery-1' class='gallery galleryid-853 gallery-columns-4 gallery-size-full'><figure class='gallery-item'>
			<div class='gallery-icon landscape'>
				<a href='https://elitemobiliario.com/wp-content/uploads/2020/03/3-3.jpg'><img fetchpriority="high" decoding="async" width="1920" height="1080" src="https://elitemobiliario.com/wp-content/uploads/2020/03/3-3.jpg" class="attachment-full size-full" alt="Eliteline mobiliario moderno decoração interiores modern furniture interior decoration décoration intérieure de meubles modernes" srcset="https://elitemobiliario.com/wp-content/uploads/2020/03/3-3.jpg 1920w, https://elitemobiliario.com/wp-content/uploads/2020/03/3-3-300x169.jpg 300w, https://elitemobiliario.com/wp-content/uploads/2020/03/3-3-1024x576.jpg 1024w, https://elitemobiliario.com/wp-content/uploads/2020/03/3-3-768x432.jpg 768w, https://elitemobiliario.com/wp-content/uploads/2020/03/3-3-1536x864.jpg 1536w, https://elitemobiliario.com/wp-content/uploads/2020/03/3-3-380x214.jpg 380w, https://elitemobiliario.com/wp-content/uploads/2020/03/3-3-20x11.jpg 20w, https://elitemobiliario.com/wp-content/uploads/2020/03/3-3-190x107.jpg 190w, https://elitemobiliario.com/wp-content/uploads/2020/03/3-3-760x428.jpg 760w, https://elitemobiliario.com/wp-content/uploads/2020/03/3-3-1140x641.jpg 1140w" sizes="(max-width: 1920px) 100vw, 1920px" /></a>
			</div></figure><figure class='gallery-item'>
			<div class='gallery-icon landscape'>
				<a href='https://elitemobiliario.com/wp-content/uploads/2020/03/2-8.jpg'><img decoding="async" width="1920" height="1080" src="https://elitemobiliario.com/wp-content/uploads/2020/03/2-8.jpg" class="attachment-full size-full" alt="Eliteline mobiliario moderno decoração interiores modern furniture interior decoration décoration intérieure de meubles modernes" srcset="https://elitemobiliario.com/wp-content/uploads/2020/03/2-8.jpg 1920w, https://elitemobiliario.com/wp-content/uploads/2020/03/2-8-300x169.jpg 300w, https://elitemobiliario.com/wp-content/uploads/2020/03/2-8-1024x576.jpg 1024w, https://elitemobiliario.com/wp-content/uploads/2020/03/2-8-768x432.jpg 768w, https://elitemobiliario.com/wp-content/uploads/2020/03/2-8-1536x864.jpg 1536w, https://elitemobiliario.com/wp-content/uploads/2020/03/2-8-380x214.jpg 380w, https://elitemobiliario.com/wp-content/uploads/2020/03/2-8-20x11.jpg 20w, https://elitemobiliario.com/wp-content/uploads/2020/03/2-8-190x107.jpg 190w, https://elitemobiliario.com/wp-content/uploads/2020/03/2-8-760x428.jpg 760w, https://elitemobiliario.com/wp-content/uploads/2020/03/2-8-1140x641.jpg 1140w" sizes="(max-width: 1920px) 100vw, 1920px" /></a>
			</div></figure><figure class='gallery-item'>
			<div class='gallery-icon landscape'>
				<a href='https://elitemobiliario.com/wp-content/uploads/2020/03/1-8.jpg'><img decoding="async" width="1920" height="1080" src="https://elitemobiliario.com/wp-content/uploads/2020/03/1-8.jpg" class="attachment-full size-full" alt="Eliteline mobiliario moderno decoração interiores modern furniture interior decoration décoration intérieure de meubles modernes" srcset="https://elitemobiliario.com/wp-content/uploads/2020/03/1-8.jpg 1920w, https://elitemobiliario.com/wp-content/uploads/2020/03/1-8-300x169.jpg 300w, https://elitemobiliario.com/wp-content/uploads/2020/03/1-8-1024x576.jpg 1024w, https://elitemobiliario.com/wp-content/uploads/2020/03/1-8-768x432.jpg 768w, https://elitemobiliario.com/wp-content/uploads/2020/03/1-8-1536x864.jpg 1536w, https://elitemobiliario.com/wp-content/uploads/2020/03/1-8-380x214.jpg 380w, https://elitemobiliario.com/wp-content/uploads/2020/03/1-8-20x11.jpg 20w, https://elitemobiliario.com/wp-content/uploads/2020/03/1-8-190x107.jpg 190w, https://elitemobiliario.com/wp-content/uploads/2020/03/1-8-760x428.jpg 760w, https://elitemobiliario.com/wp-content/uploads/2020/03/1-8-1140x641.jpg 1140w" sizes="(max-width: 1920px) 100vw, 1920px" /></a>
			</div></figure>
		</div>

<!-- This site is optimized with the Yoast SEO plugin v22.5 - https://yoast.com/wordpress/plugins/seo/ -->
<title>Serip - ELITELINE</title>
<meta name="robots" content="index, follow, max-snippet:-1, max-image-preview:large, max-video-preview:-1" />
<link rel="canonical" href="https://elitemobiliario.com/fr/portfolio/serip/" />
<meta property="og:locale" content="fr_FR" />
<meta property="og:type" content="article" />
<meta property="og:title" content="Serip - ELITELINE" />
<meta property="og:url" content="https://elitemobiliario.com/fr/portfolio/serip/" />
<meta property="og:site_name" content="ELITELINE" />
<meta property="article:modified_time" content="2024-01-31T15:21:32+00:00" />
<meta property="og:image" content="https://elitemobiliario.com/wp-content/uploads/2020/03/1-8.jpg" />
	<meta property="og:image:width" content="1920" />
	<meta property="og:image:height" content="1080" />
	<meta property="og:image:type" content="image/jpeg" />
<meta name="twitter:card" content="summary_large_image" />
<meta name="twitter:label1" content="Durée de lecture estimée" />
	<meta name="twitter:data1" content="1 minute" />
<script type="application/ld+json" class="yoast-schema-graph">{"@context":"https://schema.org","@graph":[{"@type":"WebPage","@id":"https://elitemobiliario.com/fr/portfolio/serip/","url":"https://elitemobiliario.com/fr/portfolio/serip/","name":"Serip - ELITELINE","isPartOf":{"@id":"https://elitemobiliario.com/fr/#website"},"primaryImageOfPage":{"@id":"https://elitemobiliario.com/fr/portfolio/serip/#primaryimage"},"image":{"@id":"https://elitemobiliario.com/fr/portfolio/serip/#primaryimage"},"thumbnailUrl":"https://elitemobiliario.com/wp-content/uploads/2020/03/1-8.jpg","datePublished":"2020-03-06T12:39:02+00:00","dateModified":"2024-01-31T15:21:32+00:00","inLanguage":"fr-FR","potentialAction":[{"@type":"ReadAction","target":["https://elitemobiliario.com/fr/portfolio/serip/"]}]},{"@type":"ImageObject","inLanguage":"fr-FR","@id":"https://elitemobiliario.com/fr/portfolio/serip/#primaryimage","url":"https://elitemobiliario.com/wp-content/uploads/2020/03/1-8.jpg","contentUrl":"https://elitemobiliario.com/wp-content/uploads/2020/03/1-8.jpg","width":1920,"height":1080,"caption":"Eliteline mobiliario moderno decoração interiores modern furniture interior decoration décoration intérieure de meubles modernes"},{"@type":"WebSite","@id":"https://elitemobiliario.com/fr/#website","url":"https://elitemobiliario.com/fr/","name":"ELITELINE","description":"Un nom à ne pas oublié","potentialAction":[{"@type":"SearchAction","target":{"@type":"EntryPoint","urlTemplate":"https://elitemobiliario.com/fr/?s={search_term_string}"},"query-input":"required name=search_term_string"}],"inLanguage":"fr-FR"}]}</script>
<!-- / Yoast SEO plugin. -->

Eliteline mobiliario moderno decoração interiores modern furniture interior decoration décoration intérieure de meubles modernes

Un nom à ne pas oublié
